is the ten thousands digit of 388124?
8
What is the tens digit of 30151278?
7
What is the thousands digit of 1827?
1
What is the hundreds digit of 227561?
5
What is the tens digit of 754556?
5
What is the tens digit of 1467373?
7
What is the ten thousands digit of 5620503?
2
What is the ten thousands digit of 9158165?
5
What is the tens digit of 90193?
9
What is the ten millions digit of 10762718?
1
What is the units digit of 1812587?
7
What is the ten thousands digit of 56163?
5
What is the millions digit of 12103472?
2
What is the units digit of 2244612?
2
What is the hundreds digit of 45724?
7
What is the hundreds digit of 610370?
3
What is the ten thousands digit of 269383?
6
What is the thousands digit of 225560?
5
What is the thousands digit of 320620?
0
What is the hundreds digit of 4709970?
9
What is the ten thousands digit of 573430?
7
What is the millions digit of 17305205?
7
What is the units digit of 14866108?
8
What is the thousands digit of 5001017?
1
What is the ten thousands digit of 147545?
4
What is the hundred thousands digit of 793135?
7
What is the millions digit of 3536393?
3
What is the thousands digit of 3152900?
2
What is the tens digit of 906734?
3
What is the millions digit of 10195115?
0
What is the hundreds digit of 27321794?
7
What is the millions digit of 1366787?
1
What is the tens digit of 70334?
3
What is the tens digit of 666247?
4
What is the ten thousands digit of 7860365?
6
What is the tens digit of 908747?
4
What is the hundreds digit of 161571?
5
What is the units digit of 581656?
6
What is the millions digit of 4381271?
4
What is the hundreds digit of 140190?
1
What is the thousands digit of 414807?
4
What is the units digit of 310063?
3
What is the millions digit of 19689336?
9
What is the hundred thousands digit of 11405845?
4
What is the millions digit of 2837918?
2
What is the ten millions digit of 19216839?
1
What is the thousands digit of 320399?
0
What is the units digit of 120762?
2
What is the millions digit of 2455803?
2
What is the hundred thousands digit of 1016524?
0
What is the hundred thousands digit of 3542714?
5
What is the ten thousands digit of 1101587?
0
What is the hundreds digit of 1101108?
1
What is the ten thousands digit of 75534?
7
What is the thousands digit of 133218?
3
What is the hundreds digit of 1175271?
2
What is the units digit of 8143933?
3
What is the units digit of 693127?
7
What is the ten millions digit of 10701267?
1
What is the units digit of 1240948?
8
What is the units digit of 16889848?
8
What is the tens digit of 8306519?
1
What is the hundred thousands digit of 1592240?
5
What is the millions digit of 4096527?
4
What is the units digit of 16453?
3
What is the units digit of 262415?
5
What is the units digit of 55084?
4
What is the hundreds digit of 40146012?
0
What is the tens digit of 11502260?
6
What is the units digit of 886185?
5
What is the tens digit of 834402?
0
What is the hundred thousands digit of 7303318?
3
What is the ten thousands digit of 272676?
7
What is the units digit of 903022?
2
What is the tens digit of 2135306?
0
What is the hundred thousands digit of 358874?
3
What is the hundreds digit of 604619?
6
What is the units digit of 1684439?
9
What is the hundred thousands digit of 2248218?
2
What is the tens digit of 549026?
2
What is the millions digit of 3090212?
3
What is the thousands digit of 12702292?
2
What is the millions digit of 1303650?
1
What is the tens digit of 7541150?
5
What is the ten thousands digit of 974424?
7
What is the thousands digit of 691825?
1
What is the thousands digit of 290646?
0
What is the hundreds digit of 108147?
1
What is the hundred thousands digit of 5054197?
0
What is the hundreds digit of 16372740?
7
What is the thousands digit of 10907779?
7
What is the tens digit of 8619322?
2
What is the units digit of 30864952?
2
What is the ten thousands digit of 513649?
1
What is the millions digit of 2393555?
2
What is the ten thousands digit of 1228723?
2
What is the tens digit of 421640?
4
What is the tens digit of 5805283?
8
What is the tens digit of 336393?
9
What is the ten thousands digit of 457569?
5
What is the tens digit of 758283?
8
What is the ten thousands digit of 17446296?
4
What is the thousands digit of 11993947?
3
What is the units digit of 146065?
5
What is the thousands digit of 11540989?
0
What is the hundred thousands digit of 2858548?
8
What is the units digit of 454224?
4
What is the hundred thousands digit of 1202812?
2
What is the ten thousands digit of 35138?
3
What is the hundred thousands digit of 378750?
3
What is the thousands digit of 1888638?
8
What is the ten thousands digit of 1781866?
8
What is the hundreds digit of 690152?
1
What is the tens digit of 2891901?
0
What is the tens digit of 18924064?
6
What is the units digit of 1017952?
2
What is the units digit of 85?
5
What is the tens digit of 7452731?
3
What is the hundreds digit of 4264515?
5
What is the tens digit of 8806409?
0
What is the hundred thousands digit of 239015?
2
What is the hundred thousands digit of 9656672?
6
What is the ten thousands digit of 18082965?
8
What is the tens digit of 2540022?
2
What is the units digit of 1066447?
7
What is the units digit of 4050853?
3
What is the units digit of 599822?
2
What is the ten thousands digit of 791441?
9
What is the ten thousands digit of 187563?
8
What is the units digit of 8448101?
1
What is the hundred thousands digit of 142364?
1
What is the hundred thousands digit of 106338?
1
What is the tens digit of 528035?
3
What is the units digit of 53277?
7
What is the millions digit of 12961518?
2
What is the units digit of 577215?
5
What is the thousands digit of 4257341?
7
What is the thousands digit of 214212?
4
What is the millions digit of 3730169?
3
What is the tens digit of 6746072?
7
What is the hundreds digit of 98230?
2
What is the ten thousands digit of 500885?
0
What is the millions digit of 2524494?
2
What is the tens digit of 12470941?
4
What is the millions digit of 5475378?
5
What is the millions digit of 4878483?
4
What is the ten thousands digit of 24509799?
0
What is the thousands digit of 31314?
1
What is the hundreds digit of 369660?
6
What is the tens digit of 136130?
3
What is the hundred thousands digit of 6776979?
7
What is the thousands digit of 11284877?
4
What is the ten thousands digit of 1912731?
1
What is the thousands digit of 1819172?
9
What is the millions digit of 6363332?
6
What is the tens digit of 12369963?
6
What is the hundred thousands digit of 609951?
6
What is the hundred thousands digit of 6394454?
3
What is the hundreds digit of 576287?
2
What is the hundred thousands digit of 1192990?
1
What is the hundreds digit of 3661825?
8
What is the thousands digit of 971424?
1
What is the thousands digit of 48278?
8
What is the units digit of 3516159?
9
What is the hundred thousands digit of 177955?
1
What is the hundred thousands digit of 4405533?
4
What is the thousands digit of 279497?
9
What is the millions digit of 22540739?
2
What is the hundred thousands digit of 382768?
3
What is the hundred thousands digit of 571964?
5
What is the hundreds digit of 692591?
5
What is the hundreds digit of 25135072?
0
What is the ten thousands digit of 227997?
2
What is the hundreds digit of 294910?
9
What is the hundred thousands digit of 9979438?
9
What is the millions digit of 1197380?
1
What is the ten thousands digit of 93285?
9
What is the hundred thousands digit of 3628963?
6
What is the units digit of 4644342?
2
What is the thousands digit of 286700?
6
What is the thousands digit of 101289?
1
What is the units digit of 4057147?
7
What is the hundreds digit of 752650?
6
What is the millions digit of 35958584?
5
What is the hundred thousands digit of 410984?
4
What is the millions digit of 4550508?
4
What is the units digit of 925817?
7
What is the thousands digit of 31726?
1
What is the thousands digit of 2281068?
1
What is the hundred thousands digit of 934326?
9
What is the units digit of 281843?
3
What is the hundred thousands digit of 305764?
3
What is the hundreds digit of 9332165?
1
What is the hundreds digit of 1535052?
0
What is the hundred thousands digit of 8291706?
2
What is the tens digit of 1742375?
7
What is the tens d